-96)). Let l = r + 105. Let a = -18 + l. What are the prime factors of a?
3, 7
Suppose 0 = 76*k - 74*k - 110. Let m = k - 32. List the prime factors of m.
23
Suppose 373 = 2*r - 1443. What are the prime factors of r?
2, 227
Let z(r) = -r**2 - r + 100. Let u be z(0). Let k = 3 - -3. Suppose -a = -k*a + u. List the prime factors of a.
2, 5
What are the prime factors of 3976/(6 - -2) + 1 + -5?
17, 29
Let a(o) = -2*o - 8. Let c be a(-6). Suppose -x + 5 = 0, -y - 194 = -c*y - x. Let h = -40 + y. List the prime factors of h.
23
Suppose -6*k - 4*o + 134 = -4*k, 0 = k - 2*o - 75. Suppose 235*x - 222*x + 572 = 0. Let c = x + k. What are the prime factors of c?
3
Suppose 30 + 10 = 4*v. Suppose 200 = v*b - 5*b. What are the prime factors of b?
2, 5
Let a(o) = 2*o + 1 - 1 - o. Let s be a(2). Suppose s*u = -u + 39. What are the prime factors of u?
13
Let v(x) = x**2 - 12*x + 15. Let s(q) = q - 3. Let w be s(14). Let c be v(w). Suppose c*o + 40 = 196. What are the prime factors of o?
3, 13
Let j(g) = -6*g**2 + g. Let r be j(1). Let y = r - -9. Suppose 6 = 5*i - y*i. What are the prime factors of i?
2, 3
Suppose 0*o = 4*o - 20. Suppose -o*v + 113 = -42. What are the prime factors of v?
31
Let l(g) = g**3 - 4*g**2 - 3*g + 2. Let u(x) = 19*x - 17. Let d be u(-8). Let b be d/(-26) - (-1)/(-2). What are the prime factors of l(b)?
2, 7
Suppose -67*b + 1672 = -56*b. List the prime factors of b.
2, 19
Let l(m) = m**3 + 12*m**2 - 3*m + 21. What are the prime factors of l(-10)?
251
Let b(l) = 11*l**2 - 26. List the prime factors of b(-9).
5, 173
Let c(d) = 3*d**2 + 2*d + 8. Let u be c(-8). Let m = -112 + u. What are the prime factors of m?
2, 3
Suppose 4 = 7*m - 3*m, -5*p + m + 44 = 0. Let v = -10 - -19. Let i = v + p. What are the prime factors of i?
2, 3
Let l be 90/(-24) - (-1)/(-4). Let w(z) be the second derivative of z**4/3 - z**3/3 + 2*z**2 + z - 8. What are the prime factors of w(l)?
2, 19
Let i = 508 + 871. List the prime factors of i.
7, 197
Let v(q) = q**2 + 4*q + 3. Let r be v(-6). Let o = -10 + r. Suppose s - 2 = -o*k + 20, -2*s + 14 = 4*k. List the prime factors of k.
5
Let q be 3/4*(-2 + 6). Suppose -4*l + 45 = -q*l - 4*f, 5*f = 20. List the prime factors of l.
61
Let u be 4 + (0 - (-1 + 3)). Let v = 49 - 22. Suppose t = -4*k + v, u*t + 3*k + 0*k = 39. What are the prime factors of t?
3, 5
Let o be (-12)/42 - (-74)/14. Suppose 4*i = o*j + i - 475, 3*i = 4*j - 380. Suppose d + j = 4*g, 5*d + 9 = -6. What are the prime factors of g?
23
Let v(z) = 3*z**2 - 3*z - 3. Suppose -5 = -2*s - 7. List the prime factors of v(s).
3
What are the prime factors of 2/(121304/(-13480) + 9)?
5, 337
Let g(p) = 10*p**2 - 32*p + 297. What are the prime factors of g(8)?
3, 227
Let p(d) = -d**3 + 9*d**2 - 7*d - 6. Let a be p(8). Let z(h) = -h + 3. Let y be z(a). List the prime factors of 23 - (-2 + 0 + y).
2, 3
Suppose 391 + 716 = 3*a. List the prime factors of a.
3, 41
Suppose -2*h - 2066 = 40*p - 45*p, -2*h + 818 = 2*p. What are the prime factors of p?
2, 103
Suppose -2*q - q - 3*t = -24, 26 = 4*q + 2*t. Suppose -m = -6*m + 2*c + 354, 0 = q*m + 4*c - 372. What are the prime factors of m?
2, 3
Let d(w) = -w**2 - w + 3. Let o be d(-5). Let b be (o*1)/((-6)/24). Suppose -8 = -2*s + b. What are the prime factors of s?
2, 19
Let o = -12 + 52. Suppose o = 3*q + 5*q. Suppose q*t - 2*r - 190 = 0, 2*t - r + 152 = 6*t. List the prime factors of t.
2, 19
Let l(o) = -o**3 - 4*o**2. Let j be l(-5). Let n = j + 38. List the prime factors of n.
3, 7
Let p(v) = -v**2 - 17*v - 7. Suppose -5*r - 2*n - 54 = -6*n, 4*n + 46 = -5*r. What are the prime factors of p(r)?
3, 7
Let g(d) = 2*d**3 - 6*d**2 - 7*d + 10. What are the prime factors of g(6)?
2, 23
Let q(s) = -14*s - 31. Let y(h) = h**3 + 29*h**2 + 28*h - 6. Let v be y(-28). What are the prime factors of q(v)?
53
Let n be (-1)/7 - 18/21. Let o = 3 + n. What are the prime factors of (-52)/(-8)*o/1?
13
Let j(u) = 7*u**3 + 7*u**2 - 10*u + 23. Let c(k) = -11*k**3 - 10*k**2 + 15*k - 34. Let m(g) = 5*c(g) + 8*j(g). List the prime factors of m(-6).
2, 11
Suppose -16*c - 4 = -14*c. List the prime factors of ((1 + c)*-1)/(1/129).
3, 43
Let b(j) be the third derivative of j**5/30 - 3*j**4/8 - 2*j**3 + j**2. Let y be b(8). Let n = y - 6. List the prime factors of n.
2, 19
Let c = 20 - 14. What are the prime factors of c/(-4) + (-595)/(-10)?
2, 29
Suppose -72 = -5*j + 8. Suppose 5*w + j = -4*f, 0*f - 4*f - 2*w - 28 = 0. What are the prime factors of ((-39)/f)/((-1)/(-3))?
13
Suppose 0 = -5*q + 1694 + 1426. What are the prime factors of q?
2, 3, 13
Let x = 8470 - 4567. List the prime factors of x.
3, 1301
Let q(n) = 5*n**2 + 8*n + 12. List the prime factors of q(-9).
3, 5, 23
Suppose -2*i + y + 3338 = 727, -i - 3*y = -1302. What are the prime factors of i?
3, 5, 29
Let f = -8 - 32. Let o be (-10)/4*32/f. Suppose -3*g - 5*m = -0 - 26, -9 = -g - o*m. What are the prime factors of g?
7
Let m(a) = 50*a. Let z be m(-1). What are the prime factors of (8/5)/((-5)/z)?
2
Let y = -14 - -58. List the prime factors of (-6)/(-4 - -1) + y.
2, 23
Let p(f) = f**3 - 2*f**2 + 3*f - 2. Let w be p(3). Let j(z) = -54*z - 40*z - 1 + 97*z. What are the prime factors of j(w)?
47
List the prime factors of 35970/(-198)*(-276)/10.
2, 23, 109
Let f(a) = 3*a**2 + 4*a - 107. What are the prime factors of f(-23)?
2, 347
Suppose -10*v = -7*v + 9. List the prime factors of (910/(-20))/(v/12*2).
7, 13
Let q(f) be the third derivative of f**5/30 - 3*f**4/4 - 7*f**3/3 - 12*f**2. Let x be q(10). Let u(a) = a**2 - 7*a + 9. List the prime factors of u(x).
3
Let a = 7 + -4. Suppose a*r = 7*r - 12. Suppose 2*j + r*j = 260. What are the prime factors of j?
2, 13
Suppose 2*r - 38 = 8. Let v = r - 16. List the prime factors of v.
7
Suppose -12521 = -40*h + 66039. What are the prime factors of h?
2, 491
Suppose 0 = -2*y + 5*f - 2*f + 69, -4*y + 143 = -f. Suppose -y = -4*c - 2*c. List the prime factors of c.
2, 3
Suppose -10*x + 1740 = -6*x. List the prime factors of x.
3, 5, 29
Let l = 4354 - 3138. List the prime factors of l.
2, 19
Let y = -59 - -63. Suppose 447 + 497 = y*o. List the prime factors of o.
2, 59
Suppose 5 = -g, 0*t - 2*t + 15 = -g. Suppose 0 = n - 19 - t. What are the prime factors of n?
2, 3
Let f(x) = x**3 + 5*x**2 - 7*x - 3. What are the prime factors of f(-5)?
2
Let w(q) be the second derivative of -q**5/20 - 19*q**4/12 - 14*q**3/3 - 19*q**2 - 14*q. List the prime factors of w(-18).
2, 71
Let h = -1 - -4. Suppose -52*f + 41*f + 22 = 0. Suppose 0 = 4*s + h*t - 133, -f*t + 37 = -0*s + s. What are the prime factors of s?
31
Let v be 5/(-15) - (-146)/6. Suppose -3*j - v = -5*m - 58, j + 3*m = -12. Suppose -n = -2*l + 23, 36 = 5*l + j*n - 27. What are the prime factors of l?
2, 3
Let n be 1/(-12)*-20*(-1 + 4). Let i(z) = z**3 - 6*z - 12. What are the prime factors of i(n)?
83
Suppose -4*c - 2*b - 26 + 70 = 0, 2*b = 2*c - 28. Suppose -4*z - c = -32. Suppose -2*r = 4*q - 192, z*q - r = -6*r + 245. What are the prime factors of q?
47
Let m(i) = 165*i + 1396. What are the prime factors of m(0)?
2, 349
Let x(q) = 5*q + 8. Let o be x(5). Let p = o + 26. What are the prime factors of p?
59
Suppose -9*x + 28 = -2*x. Suppose 8*z - 4*z - 144 = -5*b, -3*b = x*z - 136. What are the prime factors of z?
31
Let g(r) = 37*r**3 - r**2 + r - 1. Suppose 0 = -2*v - 0*v + 8. Suppose 3*x = 7*x - v. What are the prime factors of g(x)?
2, 3
Let k = 9 - 17. Let q be (-8 + 12)*14/k. Let p(g) = g**2 + 5*g - 7. What are the prime factors of p(q)?
7
Suppose 48 = -4*i - 12. Let z(k) = -k**2 - 14*k + 2. Let b be z(i). Let q = -1 - b. List the prime factors of q.
2, 3
Let j(a) = -a**2 - 13*a + 2. Let s be j(-13). Suppose -3*f + 100 = -4*w, -10 = -s*w - 3*w. Suppose -f - 49 = -5*z. What are the prime factors of z?
17
Let h be (-6 - -8)/(-2 + 0). Let a be 36*(h - (-130)/(-8)). List the prime factors of 4/22 + a/(-33).
19
Suppose 3*n - 3*k - 44 = -8, 0 = 5*n + 5*k - 90. Suppose n*t - 11*t = 288. What are the prime factors of t?
2, 3
Let a be 843/15 - (-4)/(-20). Let y = -40 + a. Let h = y + 0. What are the prime factors of h?
2
Let n(f) = 4*f. Let q be n(3). Let h be (-1)/(-1 - q/(-15)). Suppose 0*i - i = -2*x - 63, -h*i = -5*x - 315. What are the prime factors of i?
3, 7
Let x = -17 + 34. Suppose 2*k + 9 = -x. Let